
What is the tens digit of 21891?
9
What is the hundreds digit of 87208?
2
What is the ten thousands digit of 53961?
5
What is the hundreds digit of 29289?
2
What is the thousands digit of 7614?
7
What is the units digit of 1167?
7
What is the units digit of 8083?
3
What is the tens digit of 6426?
2
What is the ten thousands digit of 140420?
4
What is the tens digit of 121344?
4
What is the units digit of 743?
3
What is the hundred thousands digit of 130730?
1
What is the thousands digit of 38976?
8
What is the thousands digit of 7740?
7
What is the tens digit of 21918?
1
What is the units digit of 21396?
6
What is the tens digit of 3613?
1
What is the tens digit of 54928?
2
What is the thousands digit of 1485?
1
What is the thousands digit of 1283?
1
What is the units digit of 562?
2
What is the hundreds digit of 32126?
1
What is the tens digit of 19538?
3
What is the tens digit of 1414?
1
What is the hundreds digit of 1196?
1
What is the tens digit of 942?
4
What is the tens digit of 227?
2
What is the hundreds digit of 6284?
2
What is the hundreds digit of 778?
7
What is the hundreds digit of 2265?
2
What is the thousands digit of 1556?
1
What is the hundreds digit of 13918?
9
What is the tens digit of 30863?
6
What is the thousands digit of 55645?
5
What is the thousands digit of 6959?
6
What is the thousands digit of 37357?
7
What is the units digit of 701?
1
What is the tens digit of 8874?
7
What is the thousands digit of 15247?
5
What is the units digit of 3016?
6
What is the ten thousands digit of 17458?
1
What is the tens digit of 13628?
2
What is the tens digit of 35635?
3
What is the ten thousands digit of 23504?
2
What is the units digit of 856?
6
What is the units digit of 149361?
1
What is the tens digit of 1084?
8
What is the tens digit of 724?
2
What is the units digit of 16671?
1
What is the hundred thousands digit of 104920?
1
What is the hundreds digit of 5652?
6
What is the thousands digit of 1718?
1
What is the thousands digit of 14500?
4
What is the hundreds digit of 169?
1
What is the units digit of 607?
7
What is the thousands digit of 34303?
4
What is the hundreds digit of 652?
6
What is the hundreds digit of 11586?
5
What is the tens digit of 2012?
1
What is the thousands digit of 7005?
7
What is the thousands digit of 1751?
1
What is the thousands digit of 5487?
5
What is the hundreds digit of 923?
9
What is the hundreds digit of 44315?
3
What is the hundreds digit of 9182?
1
What is the units digit of 49717?
7
What is the ten thousands digit of 19666?
1
What is the thousands digit of 19827?
9
What is the hundreds digit of 175213?
2
What is the thousands digit of 1593?
1
What is the ten thousands digit of 103399?
0
What is the tens digit of 5093?
9
What is the hundreds digit of 1474?
4
What is the thousands digit of 107048?
7
What is the hundreds digit of 2818?
8
What is the units digit of 13101?
1
What is the hundreds digit of 3470?
4
What is the units digit of 1849?
9
What is the thousands digit of 5331?
5
What is the tens digit of 1327?
2
What is the units digit of 246?
6
What is the hundreds digit of 1431?
4
What is the thousands digit of 4116?
4
What is the units digit of 4025?
5
What is the thousands digit of 1309?
1
What is the tens digit of 2753?
5
What is the thousands digit of 4977?
4
What is the tens digit of 26559?
5
What is the tens digit of 70621?
2
What is the tens digit of 5549?
4
What is the units digit of 7283?
3
What is the hundreds digit of 1483?
4
What is the units digit of 34262?
2
What is the hundreds digit of 1023?
0
What is the units digit of 64108?
8
What is the units digit of 8836?
6
What is the tens digit of 147784?
8
What is the ten thousands digit of 37723?
3
What is the thousands digit of 45139?
5
What is the thousands digit of 1053?
1
What is the hundreds digit of 224?
2
What is the hundreds digit of 2190?
1
What is the tens digit of 27337?
3
What is the tens digit of 100626?
2
What is the tens digit of 5217?
1
What is the units digit of 1013?
3
What is the tens digit of 9675?
7
What is the ten thousands digit of 108177?
0
What is the tens digit of 2729?
2
What is the hundreds digit of 125?
1
What is the units digit of 370?
0
What is the hundreds digit of 822?
8
What is the units digit of 1156?
6
What is the thousands digit of 2103?
2
What is the thousands digit of 15648?
5
What is the tens digit of 21387?
8
What is the hundred thousands digit of 183578?
1
What is the thousands digit of 11401?
1
What is the hundreds digit of 3341?
3
What is the units digit of 16794?
4
What is the units digit of 920?
0
What is the thousands digit of 43238?
3
What is the ten thousands digit of 33367?
3
What is the hundreds digit of 20254?
2
What is the units digit of 24470?
0
What is the units digit of 102647?
7
What is the tens digit of 491?
9
What is the tens digit of 7743?
4
What is the thousands digit of 5295?
5
What is the tens digit of 94154?
5
What is the ten thousands digit of 93090?
9
What is the hundreds digit of 2797?
7
What is the tens digit of 28924?
2
What is the hundreds digit of 45579?
5
What is the tens digit of 5122?
2
What is the ten thousands digit of 24478?
2
What is the thousands digit of 3807?
3
What is the hundreds digit of 902?
9
What is the tens digit of 702?
0
What is the ten thousands digit of 14026?
1
What is the tens digit of 1020?
2
What is the tens digit of 6103?
0
What is the hundreds digit of 994?
9
What is the hundreds digit of 15949?
9
What is the hundreds digit of 12433?
4
What is the thousands digit of 9508?
9
What is the units digit of 165?
5
What is the hundreds digit of 29547?
5
What is the thousands digit of 1643?
1
What is the hundreds digit of 2621?
6
What is the hundreds digit of 807?
8
What is the hundreds digit of 333?
3
What is the thousands digit of 12739?
2
What is the tens digit of 17197?
9
What is the tens digit of 4549?
4
What is the hundreds digit of 105348?
3
What is the hundreds digit of 439?
4
What is the thousands digit of 11598?
1
What is the tens digit of 10512?
1
What is the thousands digit of 7650?
7
What is the units digit of 6683?
3
What is the hundreds digit of 1540?
5
What is the tens digit of 24491?
9
What is the tens digit of 59463?
6
What is the hundreds digit of 153?
1
What is the tens digit of 21728?
2
What is the tens digit of 1088?
8
What is the units digit of 354?
4
What is the units digit of 5363?
3
What is the ten thousands digit of 75822?
7
What is the ten thousands digit of 127089?
2
What is the units digit of 46?
6
What is the units digit of 3077?
7
What is the thousands digit of 23525?
3
What is the tens digit of 8414?
1
What is the ten thousands digit of 22870?
2
What is the hundred thousands digit of 105063?
1
What is the tens digit of 4090?
9
What is the tens digit of 556?
5
What is the units digit of 52970?
0
What is the hundreds digit of 18049?
0
What is the hundreds digit of 4578?
5
What is the tens digit of 1264?
6
What is the units digit of 22067?
7
What is the ten thousands digit of 14787?
1
What is the thousands digit of 16407?
6
What is the hundreds digit of 7204?
2
What is the hundreds digit of 544?
5
What is the units digit of 1908?
8
What is the ten thousands digit of 25618?
2
What is the units digit of 15075?
5
What is the units digit of 28726?
6
What is the thousands digit of 5579?
5
What is the tens digit of 1079?
7
What is the ten thousands digit of 17818?
1
What is the ten thousands digit of 13762?
1
What is the units digit of 233?
3
What is the hundreds digit of 22817?
8
What is the tens digit of 7817?
1
What is the tens digit of 457?
5
What is the hundreds digit of 23190?
1
What is the hundreds digit of 2457?
4
What is the thousands digit of 2870?
2
What is the hundred thousands digit of 122802?
1
What is the hundreds digit of 1565?
5
What is the thousands digit of 68254?
8
What is the ten thousands digit of 48615?
4
What is the tens digit of 12246?
4
What is the tens digit of 553?
5
What is the thousands digit of 14714?
4
What is the thousands digit of 7562?
7
What is the ten thousands digit of 69618?
6
What is the thousands digit of 1347?
1
What is the thousands digit of 19246?
9
What is the tens digit of 1306?
0
What is the tens digit of 998?
9
What is the units digit of 3376?
6
What is the units 